0) - 43.
-37
Calculate 13 + -16 - (-7 + -1 - (-7 - -4) - 19).
21
What is the value of (-11 - (-4 + -16)) + 31 - (-5 - (9 - 7))?
47
What is 46 - (-51 - (-83 + -65))?
-51
What is the value of 16 + (-6 + -13 + 33 - 24)?
6
What is 30 + 2 - ((-16 - 29) + 62)?
15
Calculate (3 - 31 - -3 - (696 - 701)) + 123.
103
Evaluate 69 - (12 + 22 + -17 + (-6 - (-2 - -6))).
62
Evaluate -787 + 711 + 42 + 5.
-29
Calculate (44 - (0 - 1) - ((-38 - -15) + 34)) + -3.
31
Calculate -36 + (15 - -63 - 34).
8
What is the value of 7 - (19 - (89 + 15) - -24)?
68
Calculate 3 - (-12 + 8 + (0 - -11) - 11).
7
Evaluate 4 - (7 - 26 - -11) - 14 - -27.
25
Calculate (-1 - 14) + (2 - (-4 - -21 - 1)).
-29
Calculate (6 - (-55 - -9 - -3)) + 6.
55
Calculate (-21 - 2) + -6 - (-10 - (9 + -12)).
-22
Evaluate -24 + -41 - (6 + -17) - (-4 - -8).
-58
Evaluate -202 + 185 + 3 + 18 + -5.
-1
-49 + -7 + 33 + -13
-36
Calculate -26 + (-30 - (38 + -101)).
7
What is the value of (-10 - -3) + (-74 + 1 + -38 - (-2 + -1))?
-115
What is -1069 + 1077 - (1 + 78 - 3)?
-68
What is (-41 - 23) + (3 + 8 - (0 + -3))?
-50
What is 32 - (122 + 26) - -5?
-111
Calculate (16 - 13 - 10) + -6 + 11 - -10.
8
Evaluate -51 + 98 + 0 + 5 + -20.
32
What is 36 + -28 + -4 + 17 + -100?
-79
Evaluate -78 + 57 + -27 + -21 + 16.
-53
47 + -47 + -97 + 176
79
Calculate 21 + -47 - (52 + -81).
3
Calculate 12 + -8 - (2 + -15) - -6.
23
11 - ((-8 - -2) + -2 + -12)
31
Calculate 0 + -28 - ((-12 - (-4 + -3) - -12) + -7).
-28
Calculate (-5 - 20 - -59) + -40.
-6
What is 89 + (72 + -9 - 124)?
28
What is (-55 - (-17 + 28)) + -9 + (-4 - 4) - -5?
-78
Evaluate (-24 - -50) + -84 - -96.
38
Calculate (3 - (13 - -99)) + 18.
-91
What is -6 + 68 - 2 - (-5 - -1) - (314 + -316)?
66
Calculate 6 - (0 + -2) - (-38 + -12 + 25).
33
What is the value of 1 + 4 - (5 - (-7 - (-19 + -6) - 12))?
6
Calculate (-29 - -60 - -39) + (-11 - -20 - 3).
76
-71 - (-34 - (67 - 93))
-63
Evaluate 2 + -12 + -2 - (-21 + 28 + -26).
7
Calculate -50 + 107 + (-181 - -45).
-79
What is the value of -6 + 14 - 13 - 50 - 4?
-59
Evaluate -70 + 4 + (36 - (-2 + -17 + 39) - 12).
-62
Evaluate -14 - (4 - 7) - (-9 + (-11 - -26) + 20).
-37
Calculate -145 + (-5 - (36 + -12 - (61 + -14))).
-127
Calculate -46 + -37 + 94 - -15.
26
What is the value of 73 - 71 - (5 - (13 - -32))?
42
Calculate 11 - 2 - (227 + -390 + 118).
54
Calculate (6 - (0 - -10 - (128 - 116))) + -42.
-34
What is the value of (216 - (249 - 31)) + -2 + 0 + 42?
38
Calculate (0 - 2) + 3 + -4 - (-218 - -187).
28
Calculate -1 + -6 - (-45 + -57 + 102) - (-1 + 0).
-6
What is the value of 94 + (-213 - 22) + 12?
-129
-31 + 1 + 24 + -3 + 1 + 56 + 7
55
50 + -19 + 14 + -49 + -69 + 0
-73
-15 - -3 - (15 - 40 - -5)
8
What is (13 - (7 + -17 + 6) - 5) + -58 + -16?
-62
(128 - -15 - 125) + (30 - 0)
48
What is the value of -6 + (16 - 28 - -15) + (3 - (-3 - -1))?
2
9 - -84 - (-32 - (-33 - 50))
42
Calculate (-7 - 3 - -7 - -2) + 59 + -10 - -5.
53
Calculate -45 + 127 - 83 - (3 + -2).
-2
What is -38 - (-5 + 16 + 6 + 0 + (-13 - 4))?
-38
Evaluate -42 + 0 + (-80 - -86 - -15).
-21
Evaluate (-1 - 22) + 44 + -26 - -51.
46
15 - (11 + -40) - (7 + -4 + (-16 - -5))
52
What is 14 - (10 + (-3 - 7 - -59))?
-45
(-30 - (11 - 56)) + -82
-67
3 + 1 - (10 + -14) - (-8 + (6 - 5))
15
What is -6 + -1 - (-86 - -50)?
29
121 - (35 + -26 - -16)
96
Calculate -59 + 40 + 26 - (-1 + -2 + 0 - -61).
-51
Evaluate -197 + 102 + -14 + 211.
102
12 + -4 - 23 - 5 - (0 + -4 + -6)
-10
Calculate (34 - -61) + -48 + -93.
-46
What is (-2 - -51) + 151 + -188?
12
What is 59 - (-46 - -59) - 46?
0
Calculate 70 + (-125 - -60) + (13 - (-2 - -3)).
17
What is -35 - (1 + -14 + 9 - (28 - 25))?
-28
Calculate -73 - (79 + 42 - 75).
-119
Calculate (0 + 0 - ((-12 - -1) + 121 + -115)) + -30.
-25
Calculate (86 + 48 - 82) + -2 + -26.
24
Evaluate -15 + (47 - 34) - (-6 + 97 - 4).
-89
(98 + -81 - 60) + 6 + 1
-36
What is the value of -60 + (50 - (69 - 44))?
-35
-22 + -77 - (-223 - -17)
107
77 + 8 + -27 + (-28 - -7)
37
What is -18 + (18 - 1) + 4 + 1?
4
What is -94 + (-25 - -89) - -72?
42
What is -78 + 59 + (59 - 76)?
-36
-97 + 0 + -1967 + 2025
-39
What is the value of 7 - ((-6 - -8) + -2 - -9) - 17?
-19
-165 + (1 - -131) + -1
-34
What is 48 + 1 + -506 + 753 + -339?
-43
What is 19 - ((1144 - 1141) + -18 + 0 + (11 - 1))?
24
What is -10 + (7 - -3 - 15) - -63?
48
(0 - 0 - 14) + -90 + 61 + 21
-22
Evaluate 16 + (-20 + 33 - 23) + (-20 - -3).
-11
What is the value of 2 + 36 + (-23 + 43 - 19 - (-7 + -1))?
47
Evaluate 98 + (-36 + 20 - -4) - (2 - -15).
69
10 - (-2 + -15 + 64 + (-2 - 8))
-27
Evaluate 30 - (31 + -25 + 29 - 28).
23
Evaluate -2 + -12 + 0 + (60 + -184 - -127).
-11
What is -3 + 15 - ((60 - 2) + -8 + 18 + 5)?
-61
Calculate 14 + 77 + -44 + -6.
41
What is 38 + -50 + 25 + 49?
62
Calculate -14 - (-4 - (3 + -12 - 3) - 2).
-20
What is the value of -51 - (-89 - (-58 + 35))?
15
What is the value of (-1 - (0 + 47) - (-240 + 224)) + -8?
-40
What is the value of -14 + (-6 - (89 + -245))?
136
Calculate -20 + 30 + -24 + -15 + 11.
-18
What is the value of 46 - (7 + (13 - 3) + -12 - (-1 + 1))?
41
Calculate 2864 + -3015 - (-50 + -3).
-98
What is (1328 + -1303 - (-1 - -15)) + 2 + -1 + 20?
32
(58 - (-43 - -133)) + -12
-44
Calculate -14 - (3 + (-56 - -12 - -18)).
9
-4 - (14 - (-9 + 10 - 12))
-29
Evaluate ((36 - (-25 - 3)) + -28 - (1 - 9)) + 5.
49
Evaluate 0 + -51 + -16 + 5 + (-16 - -28).
-50
Evaluate (-5 + -2 - (591 - 530)) + -7.
-75
Calculate -7 - (9 - 5) - (-47 + 98 + -70).
8
What is 25 + (-66 - (56 + -30))?
-67
Evaluate 4 + -6 + (-4 - (-18 + 36) - 45).
-69
Calculate (18 - 0) + -4 + -7 - (2 + -8) - 43.
-30
Calculate -17 + 55 + -19 - (2 + -3 + -1 + 5).
16
Calculate -151 + -11 + 116 + -47.
-93
(17 - 34 - 60) + -4 + -13 + 6
-88
Evaluate -8 + (0 - -3) + 3 + -3 - (-36 + -1).
32
What is the value of (-227 - -213) + (2 - -17) + 7 + -7?
5
Calculate (-5 - (1 - 45)) + (208 - 204).
43
-40 + 25 + (-23 - -24)
-14
(-5 - (-1 - -3)) + (-6 - (2 + -10))
-5
Calculate (-3 - -9 - (-4 - -5)) + -14 + 17.
8
Calculate 536 - 651 - (-190 - -2).
73
What is the value of -45 - (13 - 119 - -26)?
35
Calculate 3 + 0 + (28 - (-101 + (10 - -18))).
104
What is the value of -163 - (1573 + -1647 - (-45 - 0))?
-134
What is 66 - 36 - (0 + 11) - (91 - 133)?
61
Evaluate (-1081 - -1068) + (-3 - -129 - 5).
108
(115 - (-3 - -1)) + (-161 - (-354 + 182))
128
Evaluate -78 + 29 + -15 - (-22 + 28).
-70
Evaluate 22 + -51 + (23 - (-15 + 45)) - -4.
-32
What is -7 + (-1 - -26) + 3 + -17 - -6?
10
What is the value of 9 - ((-11 - -20) + 4) - 8 - 11?
-23
What is the value of 50 + -94 - (35 - 116)?
37
What is the value of 17 + -14 + 46 + (-21 - -11)?
39
5 + (47 - (-58 - -76))
34
Evaluate (3 - -6) + 68 + (-31 - 7).
39
Calculate -56 + (37 - 6) + 86.
61
11 + (7 + -6 + -2 + 8 - (-229 + 190))
57
(-103 - (-3 + 1)) + (-722 + 694 - (-47 - -4))
-86
Calculate 0 + 4 + 42 + 85 + -123.
8
19532 + -19526 - (1 - 10 - (5 + -8))
12
Calculate 727 - 748 - (-9 - -16).
-28
What is the value of (-51 - 33) + 48 + 50?
14
Calculate 792 + -809 + 18 + 0.
1
What is 2264 + -2328 + (58 - -1)?
-5
What is -2 - 2 - (-57 - 3) - (154 + -145) - 1?
46
Calculate 42 - (0 + 2 + (-5 + -17 - -8)).
54
(-60 - (-54 - -12)) + -28
-46
-66 + 163 + -161 - (-4 + (4 - 2) + 11)
-73
((15 - 1) + -1 - (45 - 17 - 14)) + -58
-59
-24 + (-40 - (8 + -17) - -19) + 3 + 13
-20
Calculate 3 + (-40 + 14 + -5 - -5).
-23
Calculate 45 + (-4 - -6) + -51.
-4
What is 1 - (2 - 1) - (11 + 17 + (6 - 2))?
-32
Evaluate 9 + -24 + 11 + (3 - -123) + -13 + 6.
115
What is the value of -44 + (36 - (-4 + 64 - 28))?
-40
(-85 - (-182 + -87)) + 0 + -45
139
What is the value of 68 + -106 - (-3 + -23 + -4)?
-8
-57 - (42 - (-30 + 124))
-5
25 - (-2 + 2) - (-8927 - -9007)
-55
What is the value of (3 - 5) + 671 + -681?
-12
What is -1 - (-22 + 2) - (-7017 + 7074)?
-38
What is the value of 46 - ((-3 - (-7 - -12 - 15)) + (22 - 24))?
41
What is (6 - 9) + 7 + -30 + (0 - -47)?
21
What is -80 + 1 - (-3080 - -2909)?
92
What is -5 + (-10 - -17) + 36 - (-15 - -19) - -10?
44
What is the value of 10 - (4 + -3 + -2) - (183 - 196)?
24
-32 + (1 - (-17 + 18)) + -30
-62
(108 - 132) + -43 + 99
32
Calculate 13 + (-55 - (7 + -22 + -2)).
-25
Calculate -35 + 98 + 40 + -110.
-7
Evaluate (-20766 - -20746) + 99 + 1 + 1 + 3.
84
Calculate 1 + 2 + (-144 - -127 - (-4 - 2)).
-8
Calculate -57 - -2 - (823 + -865).
-13
Calculate